Is 58817 a composite number?
True
Is 4555 composite?
True
Is 112559 a composite number?
False
Is 758227 a prime number?
True
Is 1799 composite?
True
Is 1052099 prime?
True
Is 9147 composite?
True
Is 179147 a prime number?
False
Is 983 prime?
True
Is 9169 a composite number?
True
Is 1379485 composite?
True
Is 388886 prime?
False
Is 8791 prime?
False
Is 16271 a composite number?
True
Is 127951 a composite number?
False
Is 21419 prime?
True
Is 83041 composite?
True
Is 6879 composite?
True
Is 967 a prime number?
True
Is 28267 composite?
True
Is 2321 composite?
True
Is 40045 a prime number?
False
Is 4054 a composite number?
True
Is 487637 a composite number?
False
Is 20081 prime?
False
Is 96461 composite?
False
Is 121129 a composite number?
True
Is 160135 a prime number?
False
Is 294623 prime?
False
Is 1095329 prime?
False
Is 307 prime?
True
Is 919 prime?
True
Is 472741 a composite number?
False
Is 3067329 composite?
True
Is 83339 a composite number?
False
Is 222773 a composite number?
False
Is 16619 a composite number?
False
Is 160079 composite?
False
Is 2427658 a composite number?
True
Is 96961 composite?
True
Is 2371 a prime number?
True
Is 1439 a composite number?
False
Is 225679 a prime number?
False
Is 37781 composite?
False
Is 1371665 a composite number?
True
Is 3817001 a composite number?
True
Is 22807 a prime number?
True
Is 164147 a composite number?
False
Is 990559 a composite number?
False
Is 6673 a prime number?
True
Is 27127 composite?
False
Is 517043 prime?
True
Is 12226 a prime number?
False
Is 47543 a composite number?
False
Is 69143 a composite number?
False
Is 573179 composite?
False
Is 898727 a prime number?
True
Is 22559 a composite number?
True
Is 10541 a composite number?
True
Is 10427 prime?
True
Is 153059 prime?
True
Is 109931 composite?
True
Is 2548443 composite?
True
Is 5557 a composite number?
False
Is 28649 a prime number?
True
Is 1717 a prime number?
False
Is 10193 a composite number?
False
Is 62701 a composite number?
False
Is 5736869 a prime number?
True
Is 4172341 a prime number?
True
Is 719551 a prime number?
False
Is 247889 a composite number?
False
Is 620089 composite?
True
Is 52978 a prime number?
False
Is 176179 a composite number?
False
Is 201281 a prime number?
True
Is 509203 prime?
True
Is 4018589 a prime number?
True
Is 529 a prime number?
False
Is 27769 prime?
False
Is 683 prime?
True
Is 62503 composite?
True
Is 21059 a prime number?
True
Is 9083 a prime number?
False
Is 34219 composite?
True
Is 215399 composite?
False
Is 530869 composite?
False
Is 52211 composite?
True
Is 383869 composite?
False
Is 184438 composite?
True
Is 242197 a composite number?
False
Is 88831 composite?
True
Is 57637 composite?
False
Is 36443 a composite number?
True
Is 700277 a prime number?
True
Is 155517 a composite number?
True
Is 1309921 prime?
True
Is 5227 composite?
False
Is 120829 a prime number?
True
Is 23185 a composite number?
True
Is 104843 a composite number?
True
Is 884047 prime?
False
Is 3593 a prime number?
True
Is 138211 prime?
False
Is 104069 a prime number?
False
Is 42659 a prime number?
False
Is 347 composite?
False
Is 1765 prime?
False
Is 107099 composite?
False
Is 34699 composite?
True
Is 13127 prime?
True
Is 2231 prime?
False
Is 17461 a prime number?
False
Is 77339 a composite number?
False
Is 29567 prime?
True
Is 2153 a composite number?
False
Is 28513 prime?
True
Is 1399 a composite number?
False
Is 1151 composite?
False
Is 81397 a prime number?
False
Is 50411 composite?
False
Is 1567 prime?
True
Is 13387 prime?
False
Is 319 prime?
False
Is 21269 composite?
False
Is 12227 prime?
True
Is 613007 composite?
False
Is 61323 a composite number?
True
Is 133831 a composite number?
False
Is 277477 composite?
True
Is 770837 a composite number?
False
Is 1545871 composite?
False
Is 521 composite?
False
Is 28499 a composite number?
False
Is 316847 composite?
False
Is 19373 prime?
True
Is 16979 composite?
False
Is 40031 prime?
True
Is 1151003 prime?
False
Is 82183 a composite number?
False
Is 629419 a prime number?
False
Is 1254819 a prime number?
False
Is 101107 composite?
False
Is 20122 a prime number?
False
Is 9763 a prime number?
False
Is 14699 a prime number?
True
Is 57983 composite?
True
Is 79877 composite?
True
Is 20177 prime?
True
Is 587 prime?
True
Is 20429 a prime number?
False
Is 701 a prime number?
True
Is 11197 composite?
False
Is 4213 composite?
True
Is 469 composite?
True
Is 73933 composite?
True
Is 816482 a composite number?
True
Is 379369 composite?
False
Is 17517 composite?
True
Is 7729 a prime number?
False
Is 3721 a prime number?
False
Is 275647 a prime number?
False
Is 19369 prime?
False
Is 73742 a prime number?
False
Is 982 prime?
False
Is 805531 composite?
False
Is 77081 a composite number?
False
Is 45517 a prime number?
False
Is 34779 prime?
False
Is 650179 a composite number?
False
Is 21881 a prime number?
True
Is 33287 composite?
False
Is 2721 composite?
True
Is 46829 prime?
True
Is 876679 composite?
True
Is 13589 a composite number?
True
Is 70255 composite?
True
Is 146479 a composite number?
True
Is 911201 a prime number?
True
Is 9977 prime?
False
Is 338839 composite?
False
Is 220421 a composite number?
False
Is 1029319 prime?
False
Is 2333 a composite number?
False
Is 636629 a prime number?
False
Is 2303089 a prime number?
True
Is 7981 a prime number?
False
Is 625861 composite?
False
Is 40771 a prime number?
True
Is 1416293 composite?
False
Is 42797 a prime number?
True
Is 87931 composite?
False
Is 97081 a composite number?
False
Is 32141 a composite number?
False
Is 8749 prime?
False
Is 33987 composite?
True
Is 2156221 a prime number?
True
Is 178681 composite?
False
Is 46855 a prime number?
False
Is 123161 prime?
False
Is 87311 prime?
False
Is 50417 composite?
False
Is 115831 a composite number?
False
Is 22721 a composite number?
False
Is 8663 a composite number?
False
Is 2309 a composite number?
False
Is 230819 a prime number?
True
Is 42838 a composite number?
True
Is 1817 a composite number?
True
Is 26293 a prime number?
True
Is 3263 a prime number?
False
Is 1288163 composite?
False
Is 181777 composite?
False
Is 428335 a prime number?
False
Is 4535 composite?
True
Is 536891 prime?
True
Is 1657 prime?
True
Is 10757 prime?
False
Is 22433 prime?
True
Is 10727 prime?
False
Is 2884471 prime?
True
Is 112183 a composite number?
True
Is 110513 a composite number?
True
Is 49562 prime?
False
Is 115 prime?
False
Is 1234967 a composite number?
False
Is 66166 composite?
True
Is 289145 a composite number?
True
Is 347329 a prime number?
True
Is 193711 a composite number?
True
Is 1217 a prime number?
True
Is 212621 a prime number?
False
Is 39293 a composite number?
False
Is 873919 a prime number?
False
Is 2837 a prime number?
True
Is 120011 a prime number?
True
Is 495971 composite?
True
Is 653767 prime?
False
Is 141991 a composite number?
False
Is 102853 composite?
True
Is 15815 composite?
True
Is 1739 composite?
True
Is 2191883 prime?
True
Is 26797 a composite number?
True
Is 289543 a composite number?
False
Is 237673 a prime number?
True
Is 93047 a composite number?
False
Is 385549 a prime number?
False
Is 58427 prime?
True
Is 27179 a composite number?
False
Is 28513 composite?
False
Is 37733 a composite number?
True
Is 258659 composite?
False
Is 6073 a prime number?
True
Is 21647 composite?
False
Is 134663 a prime number?
False
Is 51407 a prime number?
True
Is 33107 composite?
False
Is 34087 composite?
True
Is 409 a composite number?
False
Is 25453 composite?
False
Is 1539281 composite?
False
Is 1709 prime?
True
Is 1658 a prime number?
False
Is 59581 a prime number?
True
Is 4481 composite?
False
Is 46219 composite?
False
Is 1061 prime?
True
Is 270299 composite?
False
Is 5669 prime?
True
Is 8807 composite?
False
Is 820319 a composite number?
False
Is 319 a composite number?
True
Is 126129 composite?
True
Is 1414183 a composite number?
True
Is 2819 composite?
False
Is 56659 prime?
True
Is 629 a composite number?
True
Is 860723 a composite number?
True
Is 110119 prime?
True
Is 381773 prime?
False
Is 33037 composite?
False
Is 68977 a composite number?
True
Is 3223 prime?
False
Is 8545 a composite number?
True
Is 2126713 prime?
False
Is 16919 prime?
False
Is 369807 prime?
False
Is 197603 composite?
True
